s f(-6)?
-43
Let x(q) = 551*q - 9364. Calculate x(17).
3
Let o(k) = 162*k + 828. What is o(-5)?
18
Let z(f) = 5*f**2 - 45*f + 45. What is z(1)?
5
Let l(q) = 57*q - 2647. Determine l(46).
-25
Let u(b) = -b**3 - 27*b**2 - 95*b - 1802. Calculate u(-26).
-8
Let a(g) = 2*g**3 + 346*g**2 - 401*g - 9218. What is a(-174)?
4
Let x(a) = -24*a - 716. What is x(-28)?
-44
Let r(m) = 8*m**2 - 50*m + 97. Determine r(7).
139
Let g(s) = -2*s**3 - 9*s**2 + 10*s + 18. What is g(-6)?
66
Let d(s) = -2*s**3 - 22*s**2 - 74*s - 341. Determine d(-9).
1
Let r(q) = 2295*q + 2300. Determine r(-1).
5
Let y(n) = 5432*n - 5433. Determine y(1).
-1
Let t(h) = 18*h**2 + 2*h - 39. What is t(-5)?
401
Let y(g) = -2*g**3 + 21*g**2 + 64*g + 14. Determine y(-4).
222
Let i(j) = -2*j**3 - 18*j**2 + 31*j - 42. Give i(-11).
101
Let z(b) = 11*b + 4. Determine z(2).
26
Let n(c) = 65*c - 477. What is n(7)?
-22
Let k(f) = 113*f**2 - 467*f + 60. Determine k(4).
0
Let l(x) = -x**3 - 20*x**2 - 89*x + 110. Determine l(-14).
180
Let j(l) = -5*l**2 - 168*l + 983. Calculate j(5).
18
Let b(s) = 6*s**2 - 255*s - 180. What is b(42)?
-306
Let y(c) = -2*c**3 - 35*c**2 + 7*c. Calculate y(-18).
198
Let p(u) = u**3 + 10*u**2 + 2*u + 31. Calculate p(-11).
-112
Let c(l) = 640*l + 14076. Determine c(-22).
-4
Let i(d) = 169*d + 337. Give i(-2).
-1
Let z(y) = y**3 + 261*y**2 - 199*y + 16490. Calculate z(-262).
-16
Let v(s) = s**3 + 5*s**2 + 6*s + 12. Give v(-2).
12
Let m(r) = r**3 - 8*r**2 + 4*r + 1. What is m(-3)?
-110
Let f(u) = -u**3 - 7*u**2 + 78*u - 22. Determine f(6).
-22
Let z(u) = -4*u**2 + 208*u - 2227. Determine z(15).
-7
Let k(q) = 2*q**3 + 25*q**2 + 67*q - 32. Calculate k(-8).
8
Let u(q) = 422*q - 8828. Calculate u(21).
34
Let v(r) = 571*r**2 - 555*r - 2. Give v(1).
14
Let h(s) = s**2 + 30*s - 59. Calculate h(-22).
-235
Let y(q) = 2*q**2 + 45*q + 203. Calculate y(-16).
-5
Let h(y) = y**2 - 175*y + 521. Determine h(3).
5
Let r(f) = -182*f - 189. Calculate r(-1).
-7
Let s(n) = -2*n**3 + 254*n**2 - 5*n + 450. Give s(127).
-185
Let b(z) = -19*z**2 - 111*z - 1. Calculate b(-2).
145
Let g(j) = -2*j**2 - 21*j - 102. Determine g(-4).
-50
Let t(l) = -l**2 - 47*l - 504. What is t(-30)?
6
Let v(m) = -9*m**3 + 1748*m**2 - 380*m - 1543. What is v(194)?
9
Let y(g) = -g**3 + 4*g**2 - 148*g + 914. Give y(6).
-46
Let v(x) = -x**3 - 25*x**2 - 95*x + 15. Give v(-19).
-346
Let b(h) = h**2 - 616*h - 5020. Give b(-8).
-28
Let h(c) = 266*c**2 - 26598*c - 206. What is h(100)?
-6
Let q(m) = m**3 + 14*m**2 + 31*m + 154. Give q(-12).
70
Let b(v) = -166*v + 11456. Determine b(69).
2
Let l(p) = -243*p + 45447. What is l(187)?
6
Let i(r) = r**3 - 97*r**2 + 198*r - 766. What is i(95)?
-6
Let g(z) = z**3 - 60*z**2 + 499*z + 80. Give g(50).
30
Let i(f) = -978*f - 13659. Give i(-14).
33
Let z(y) = y**3 + y**2 + 3126*y - 6255. Calculate z(2).
9
Let a(y) = 26*y - 1676. Determine a(63).
-38
Let f(n) = 10*n**3 - 108*n + 104. Determine f(1).
6
Let n(k) = -46*k - 653. What is n(-10)?
-193
Let y(n) = 3*n**2 - 184*n + 861. Calculate y(57).
120
Let s(h) = -h**2 + 33*h - 90. What is s(27)?
72
Let z(y) = 59*y + 1020. Give z(-17).
17
Let p(m) = -628*m + 2507. Determine p(4).
-5
Let q(l) = l**3 - 37*l**2 + 35*l + 56. Determine q(36).
20
Let u(n) = n**3 + 8*n**2 + 9*n + 45. What is u(-8)?
-27
Let k(m) = 169*m + 504. Give k(-3).
-3
Let r(k) = 512*k - 52232. Give r(102).
-8
Let y(u) = -u**3 - 17*u**2 - 53*u + 4. What is y(-13)?
17
Let w(i) = -i**2 - 280*i + 17. What is w(0)?
17
Let s(i) = -i**3 - 19*i**2 + 28*i - 62. Give s(-20).
-222
Let o(h) = -h**3 - 4*h**2 + h - 7. Determine o(-7).
133
Let o(t) = 439*t + 6140. Determine o(-14).
-6
Let q(u) = -4*u**2 - 24*u + 296. Calculate q(-13).
-68
Let w(q) = -2*q**3 - 11*q**2 - 10*q + 43. Determine w(-3).
28
Let k(n) = n**3 - 9*n**2 - 54*n + 30. Determine k(-6).
-186
Let r(g) = 17*g**3 + 103*g**2 + g - 27. Calculate r(-6).
3
Let z(j) = 26*j - 436. What is z(10)?
-176
Let y(j) = -2*j**2 + 334*j + 5454. Give y(-15).
-6
Let h(y) = -y**3 - 46*y**2 + 260*y + 194. Determine h(-51).
-61
Let y(o) = -o**3 - o**2 + 465*o + 45. Calculate y(-22).
-21
Let j(s) = s**2 - 32*s - 1273. What is j(55)?
-8
Let v(m) = 5*m**2 + 10*m + 19. What is v(-6)?
139
Let n(t) = 2*t**3 - 22*t**2 + 130*t - 1111. Determine n(10).
-11
Let z(s) = 23*s**2 - 71*s - 331. Give z(-5).
599
Let t(n) = -n**2 - 28*n - 248. Give t(-16).
-56
Let f(o) = -2*o**3 - 116*o**2 - 115*o - 128. Calculate f(-57).
-71
Let h(d) = d**2 + 14*d - 185. Calculate h(-22).
-9
Let k(t) = -281*t + 200. Calculate k(2).
-362
Let u(p) = 4*p + 40. Give u(-8).
8
Let h(t) = -t**2 + 130*t + 1597. Determine h(141).
46
Let x(z) = z**2 - 4*z - 71. Give x(10).
-11
Let r(n) = -130*n + 386. What is r(3)?
-4
Let z(t) = -t**3 + 15*t**2 - 25*t + 16. Calculate z(13).
29
Let p(w) = -w**2 + 112*w - 516. Give p(107).
19
Let l(h) = h**2 - 60*h - 482. Calculate l(67).
-13
Let t(j) = -72*j - 1436. Determine t(-20).
4
Let p(k) = k**3 - 25*k**2 - 55*k + 12. Determine p(27).
-15
Let n(k) = -2*k**3 + 30*k**2 - 72*k - 108. Determine n(12).
-108
Let j(p) = -p**3 - 19*p**2 - 258*p - 5416. Determine j(-20).
144
Let m(p) = 120*p + 617. Determine m(-5).
17
Let w(x) = -5*x**2 - 18*x + 23. Give w(6).
-265
Let f(x) = 20*x**2 + 458*x - 69. What is f(-23)?
-23
Let j(u) = u + 11. What is j(-39)?
-28
Let o(w) = -38*w - 657. Give o(-18).
27
Let g(i) = i**3 + 44*i**2 + 6*i + 259. Determine g(-44).
-5
Let x(g) = -512*g - 15377. Give x(-30).
-17
Let b(j) = -172*j - 4225. Give b(-24).
-97
Let y(z) = -2*z**3 - 44*z**2 - 40*z + 79. Calculate y(-21).
37
Let q(m) = -9*m**3 - 7*m**2 - m + 2. Calculate q(2).
-100
Let l(d) = 28*d - 328. Determine l(11).
-20
Let y(h) = -h**2 + 16*h + 130. Determine y(22).
-2
Let i(r) = -30*r**2 + 316*r + 139. Calculate i(11).
-15
Let d(f) = -31*f + 434. Determine d(14).
0
Let v(g) = -9*g + 123. What is v(23)?
-84
Let y(q) = q**3 - 9*q**2 + 4*q - 24. Determine y(9).
12
Let n(x) = -x**3 + 36*x**2 + 23*x + 560. What is n(37)?
42
Let s(v) = 22*v**3 - 2*v**2 + 31*v - 29. Give s(1).
22
Let p(r) = 65*r - 21. Determine p(1).
44
Let l(j) = 2586*j - 18104. Determine l(7).
-2
Let d(o) = -o**3 + 23*o**2 - 69*o + 183. Calculate d(20).
3
Let a(f) = -f**3 - 18*f**2 - 29*f + 3. What is a(-2)?
-3
Let a(g) = g**3 + 68*g**2 - 74*g - 330. What is a(-69)?
15
Let w(j) = -215*j - 21498. Calculate w(-100).
2
Let b(j) = -j**3 + 61*j**2 - 172*j - 123. Determine b(58).
-7
Let s(o) = -o**3 + 17*o**2 + 39*o + 21. Determine s(19).
40
Let p(d) = -165*d - 52. Determine p(1).
-217
Let d(q) = -q**2 + 141*q + 2002. Determine d(-13).
0
Let o(g) = 90*g + 26. Determine o(-2).
-154
Let z(c) = -2*c**3 + 27*c**2 + 64*c - 272. What is z(15)?
13
Let m(i) = -i**3 + 22*i**2 - 12*i - 3. Give m(21).
186
Let g(r) = 182*r - 913. Calculate g(5).
-3
Let c(b) = -597*b - 87163. Calculate c(-146).
-1
Let q(t) = -4*t - 86. Calculate q(-15).
-26
Let q(z) = -49*z + 1389. Determine q(28).
17
Let k(j) = -4*j**2 + 7*j - 80. What is k(-6)?
-266
Let h(y) = -407*y - 2451. Determine h(-6).
-9
Let o(z) = 18*z - 894. Calculate o(46).
-66
Let q(j) = -15*j**3 - 71*j**2 + 2*j - 47. Calculate q(-5).
43
Let g(l) = -l**3 + 8*l**2 + 278*l + 38. Give g(-13).
-27
Let i(u) = 2*u**3 + 15*u**2 + 21*u + 147. Give i(-8).
-85
Let o(k) = -52*k**2 - 4*k + 18. Determine o(0).
18
Let n(s) = -2202*s**2 + 17615*s + 15. What is n(8)?
7
Let z(g) = -g**3 - 27*g**2 - 2*g - 56. What is z(-27)?
-2
Let o(f) = -f**3 - 144*f**2 + 736*f - 1345. Give o(-149).
-4
Let o(y) = 8*y - 342. What is o(40)?
-22
Let a(y) = -58*y - 105. Give a(-2).
11
Let d(z) = -145*z + 875. What is d(6)?
5
Let l(n) = -4*n**2 - 10*n + 1. Give l(-5).
-49
Let t(m) = m**2 - 28*m + 114. What is t(22)?
-18
Let j(s) = 129*s**2 + 6962*s - 223. Determine j(-54).
-7
Let t(w) = 11*w + 289. Determine t(-28).
-19
Let u(n) = 10*n + 52. What is u(-1)?
42
Let p(j) = 23*j - 1852. Determine p(80).
-12
Let k(a) = -7*a**3 + 40*a**2 + 127*a + 32. Calculate k(8).
24
Let m(d) = -286*d - 29. Determine m(1).
-315
Let q(m) = 4*m**3 + 511*m**2 - 3351*m - 136. What is q(-134)?
-2
Let n(p) = -p**3 + 17*p**2 - 33*p + 14. Calculate n(13).
261
Let p(x) = x**2 - 102*x - 14810. Give p(-81).
13
Let s(o) = -5*o**3 - 2*o**2 + 11*o - 24. Calculate s(3).
-144
Let w(s) = -3*s**2 + 4*s + 25. Calculate w(-4).
-39
Let n(r) = 47*r**2 + 3199*r + 208. De